et c = -9 + 20. Let v = c + -13. List the prime factors of (26 - -6)*v/(-4).
2
Suppose -5*s - 25 = 0, 3 + 8 = 3*k - s. Let f be k/6 - 20/(-12). Suppose 5*i + 3*y - 32 = 68, f*i = -4*y + 40. What are the prime factors of i?
2, 5
Suppose 25 = -8*z - 15. Let x(r) = r**2 - 4*r - 15. What are the prime factors of x(z)?
2, 3, 5
Let f(x) = x**2 + 14*x + 43. List the prime factors of f(-24).
283
Let h(n) = -9*n - 25. Suppose 0 = 3*c - 10 + 40. Let v be h(c). What are the prime factors of 1*((v - -4) + 2)?
71
Let h(d) = -d**3 - 5*d**2 - 5*d - 1. Let p be h(-5). Let j be (-30)/p*4/(-1). Suppose 5 = -6*q + q, -132 = -j*l - 3*q. List the prime factors of l.
3
Let s = 4582 + -2319. List the prime factors of s.
31, 73
Suppose -12*v = -13*v - 2*q + 186, 0 = -q. List the prime factors of v.
2, 3, 31
Let w = 278 + -190. What are the prime factors of (18/(-12))/((-2)/w)?
2, 3, 11
Let p be -7 - (0 - 4) - -5. Suppose -2*r = -g - 3*r + 133, -p*g + 5*r = -266. List the prime factors of g.
7, 19
Let y be (1/(-2))/((-13)/52). Suppose -4*p + 3*p + 5*k = -12, y*p = -3*k + 24. What are the prime factors of p - (-2)/(-6)*3?
11
Suppose -3*i + 154 = -2*g - 133, 2*i - 5*g - 173 = 0. Suppose -187 = -2*h + i. List the prime factors of h.
11, 13
Let m(x) = x**2 + 2*x + 5. Let n be m(-2). Suppose 0 = -3*w + n + 364. What are the prime factors of w?
3, 41
List the prime factors of 8 - -5 - (3 + 2).
2
Suppose 0*t - 6 = -2*t. Suppose 0 = -3*x - 4*i + 9, 0*i + t*i + 9 = 3*x. Suppose -x*u = -3*b + 27, 0*b + 2*b = -u + 33. What are the prime factors of b?
2, 7
Let n(f) = f**3 - 35*f**2 + 33*f + 81. What are the prime factors of n(34)?
47
Let q(j) = 5*j + 2. Let z(c) = 2*c + 1. Let k(v) = -4*q(v) + 7*z(v). Let u be k(-1). Suppose -30 = -0*x - 2*x + u*a, a - 82 = -4*x. List the prime factors of x.
2, 5
Let k(v) = v**2 + 7*v + 2. Let f be k(-6). Let y be (-10 - -8)*14/f. What are the prime factors of y + 9 + 6/(-2)?
13
Suppose 0*v - 4*c + 12 = -3*v, 0 = -4*c. Let r be 10/15*(-18)/v. Suppose 4*o = -w - r*w + 128, 0 = 4*o - 2*w - 146. What are the prime factors of o?
5, 7
Suppose 0 = 5*p, -14 = -y - 0*y - 4*p. Let k = -15 + y. List the prime factors of k - -5 - (-22 + 5).
3, 7
Let l(g) = g**3 + 7*g**2 + 7*g + 9. Let x be l(-6). Suppose -x*t = -m, 6 = -m - 2*t - 14. List the prime factors of -50*(m/(-8) - 2).
5
Let j(x) = -4*x + 50. List the prime factors of j(-11).
2, 47
What are the prime factors of (-15)/(-1)*5/(200/3688)?
3, 461
Let x(r) = 26*r + 13. Let l be x(-8). Let d = l + 308. What are the prime factors of d?
113
Let g(q) = -2*q - 7. Let s be g(-9). Suppose 4*a - 3*j + 44 = 0, -s = a - 0*j - 4*j. Let v = 36 + a. What are the prime factors of v?
5
List the prime factors of 1330/(-4)*(-60)/50.
3, 7, 19
Let b(s) = -s**2 + 25*s - 41. Let n be b(22). Suppose 0 = -n*u + 28*u - 198. List the prime factors of u.
2, 3, 11
Let q(n) = -n**3 - 2*n**2 + 9*n + 2. Let s be q(-4). Let c be ((-2)/2)/(1/s). Suppose 0 = -3*a - 3*u + 48, -c*a + 0*u = -4*u - 56. List the prime factors of a.
2, 5
Suppose m - 86 = -4*x + 6*m, -m = 5*x - 93. Suppose -l + 164 = 5*p, -2*p + 5*p - 88 = 2*l. Let g = p - x. List the prime factors of g.
13
Suppose 65332 = -34*c + 233394. List the prime factors of c.
4943
Suppose -1112 = -2*w + 5*p + 146, -2*p + 2540 = 4*w. What are the prime factors of w?
2, 317
Let q = 11753 + -7027. What are the prime factors of q?
2, 17, 139
Let d = 883 + -878. Let y(l) = 16*l + 8. Let t be y(6). Suppose d*s - t - 96 = 0. List the prime factors of s.
2, 5
Suppose -26*v + 25*v = 5. What are the prime factors of ((-10)/(-3))/(-1 - v/3)?
5
Let u = -2 - -3. Let b(d) = -d**2 + 5*d - 11. Let o be b(0). Let n = u - o. What are the prime factors of n?
2, 3
Let m = -486 + 286. Let z = -139 - m. List the prime factors of z.
61
Let x(t) = -5*t**3 + 8*t**2 + 24*t - 10. Let l(m) = -4*m**3 + 9*m**2 + 23*m - 11. Let y(b) = -6*l(b) + 5*x(b). List the prime factors of y(-13).
3
Suppose -3 = -3*p - 18, -3*p = -5*b + 1905. Suppose 0 = -4*h + 58 + b. Let a = -73 + h. What are the prime factors of a?
2, 3
Let s(g) = 2*g - 14. Let u be s(7). Suppose u = 4*z - 5*i - 156, -4*z + 130 = -4*i - 30. What are the prime factors of z?
2, 11
Suppose 5 = 4*z + 3*x, 1 - 15 = 2*z - 4*x. Let n(m) = 65*m**2 + m. What are the prime factors of n(z)?
2
Suppose -58 + 364 = 6*w. What are the prime factors of w?
3, 17
Suppose 0*s = s - 11. Let q = -9 + s. Suppose 4*d - 20 = -0*d, -i + 2*d = q. List the prime factors of i.
2
Suppose 3*l = 12, n = 2*n + 3*l + 63. Let d = -23 - n. What are the prime factors of d?
2, 13
Suppose 0 = 5*q - 0*q - 1200. Suppose -6*b - q = -b. Let d = b + 68. List the prime factors of d.
2, 5
Let q = 931 + -513. Suppose 5*m + 5*p = 1075, -2*m + 4*p = -0*m - q. What are the prime factors of m?
3, 71
Let v(t) = 2*t - 5. Let j(y) = 8*y - 21. Let o(p) = 6*j(p) - 26*v(p). Suppose 4*g = 6 - 22. List the prime factors of o(g).
2, 5
Let n(w) = w**3 - 3*w**2. Let b be n(3). Suppose -6*f + 2*f + 248 = b. List the prime factors of f.
2, 31
List the prime factors of (-6)/(7 + -1)*5 - -199.
2, 97
Let w(o) be the third derivative of o**5/60 + o**4/8 + o**3/6 + 2*o**2. Let c be w(-2). List the prime factors of 24/c*1/(-3).
2
Let r be 10/15 + 5/((-30)/(-788)). Let o = 226 - r. List the prime factors of o.
2, 47
Let g(j) = -49*j - 3. Suppose -14*c = -19*c - 5. What are the prime factors of g(c)?
2, 23
Let c(p) = 2*p - 1. Let i be c(2). Let n be 2/(-3) + 11/i. Suppose -4*d - 5*a + 80 = 0, 80 = d + n*d - 2*a. List the prime factors of d.
2, 5
Let w = -19 + 22. Suppose 3*b - w*t = 750, 4*b + 4*t = 567 + 449. List the prime factors of b.
2, 3, 7
Let u be -4*(-2)/16*4. Suppose 0*i - 2*i = -u*l - 72, -3*l = -5*i + 188. Suppose 0*n - 51 = -3*m + 3*n, -2*m - n + i = 0. List the prime factors of m.
19
Let i = -3 - -575. What are the prime factors of i?
2, 11, 13
Let p be -4 + 1 - (-11 - -1). Let u = -13 + p. Let a(t) = t**3 + 7*t**2 + 3*t + 4. List the prime factors of a(u).
2, 11
Let d be (5/(5/(-26)))/(-1). Suppose 2*l + 0*a - d = a, -6 = 3*a. What are the prime factors of l?
2, 3
List the prime factors of (-10155)/(-45) - (-15)/(-9).
2, 7
Let u = -245 + 160. What are the prime factors of (-8)/(-8)*(-2 - u)?
83
Let p(m) be the third derivative of 0*m + 1/6*m**3 + 0 + 2*m**2 - 1/24*m**4. What are the prime factors of p(-1)?
2
Let m = -9 + 12. Suppose 4*r - 511 = -r - m*n, -2*r = n - 205. Suppose -5*x = -x - r. What are the prime factors of x?
2, 13
Let b = -23 - -23. Suppose b = -s - 3*s - 80. List the prime factors of (-528)/s + (-4)/10.
2, 13
Suppose 2*l - 4*k = -2 + 16, -3*l + 28 = k. Let r = 12 - l. List the prime factors of r.
3
Let r = 34 + -34. Suppose -5*q + 375 + 345 = r. List the prime factors of q.
2, 3
Let w be -3 + ((-3)/(-1) - -1). Let v be w + (-1 - (-9)/(-3)). Let q(m) = -19*m. List the prime factors of q(v).
3, 19
Suppose -2*c - p + 76 = 0, 5*c - p = 150 + 26. Let o = c - 36. Suppose k - 28 - 16 = o. List the prime factors of k.
2, 11
Let p(x) = x**2 - 2*x + 4. List the prime factors of p(-6).
2, 13
Let t(j) = 194*j - 93. What are the prime factors of t(6)?
3, 7, 17
What are the prime factors of ((-312)/65)/(6/(-4620))?
2, 3, 7, 11
Let v = 12775 - 8677. List the prime factors of v.
2, 3, 683
Let b be 72/5 + (-22)/55. Let s = -15 + b. What are the prime factors of 14 + -2*s/2?
3, 5
Let w(r) = r**3 - 6*r**2 - 2*r + 9. Let f be w(6). Let d = 7 + f. What are the prime factors of ((-2)/d)/((-4)/128)?
2
Let p(r) = 298*r**2 + 8*r + 12. Let j be p(-2). Suppose -4*q - 1313 = -5*l + 159, -4*l = 2*q - j. List the prime factors of l.
2, 37
Let t = -26 + 14. Let b = -10 - t. Suppose -b*y + 60 = y. List the prime factors of y.
2, 5
Let c = 1205 + -410. What are the prime factors of c?
3, 5, 53
What are the prime factors of -1 - 0 - (-1790 - 7) - 0?
2, 449
Let j(f) be the third derivative of f**5/60 + f**4/12 - f**3/6 - 86*f**2. Let u = -2 - -3. What are the prime factors of j(u)?
2
Suppose -z = 6*o - 2*o + 12, -4*z = 2*o + 20. What are the prime factors of o*(4 - (-45)/(-6))?
7
Let k(a) = -5*a + 10. Let x = -30 + 26. List the prime factors of k(x).
2, 3, 5
Suppose 4*m + 2 = -2*p + 8, 0 = 3*m - p - 7. Let d = m - -1. List the prime factors of d.
3
Let i(p) = 2*p - 20. Let n be i(15). Let r be (n - 4)/(-2)*3. Let a = 3 - r. L